+ 103*x + 2547. What is t(-21)?
-57
Let j(z) = z**3 - 6*z**2 + 9*z - 51. Determine j(6).
3
Let d(n) = 5833*n - 11673. What is d(2)?
-7
Let s(i) = i**2 - 44*i + 374. Determine s(13).
-29
Let i(t) = -2*t + 385. What is i(181)?
23
Let f(m) = -3*m**3 + 81*m**2 - 37*m + 1007. Give f(27).
8
Let p(s) = -2*s + 591. Give p(19).
553
Let y(l) = -l**3 + 14*l**2 + 851*l + 8. Give y(-23).
8
Let q(n) = -n**3 - 56*n**2 + 117*n + 51. What is q(-58)?
-7
Let k(d) = -318*d - 10189. Give k(-32).
-13
Let s(q) = 195*q - 4897. Give s(25).
-22
Let v(l) = -4*l**2 + 3139*l + 6284. Calculate v(-2).
-10
Let i(m) = m**2 + 2*m - 491. Determine i(-23).
-8
Let i(u) = 11*u + 186. Give i(11).
307
Let i(u) = -5*u**3 - 33*u**2 + 30*u + 287. Calculate i(-6).
-1
Let i(w) = 2*w**2 - 51*w + 366. What is i(9)?
69
Let s(d) = -4*d**2 + 8*d. What is s(-6)?
-192
Let r(u) = u**3 - u**2 - 23*u + 6. What is r(5)?
-9
Let l(v) = v**3 - 28*v**2 - 103*v + 3523. Determine l(27).
13
Let t(n) = -n**3 - n**2 - 8*n + 59. Determine t(6).
-241
Let c(r) = r**3 + 8*r**2 + 92*r + 1360. Calculate c(-11).
-15
Let z(m) = -m**3 + 20*m**2 + 39*m + 118. Calculate z(22).
8
Let r(o) = 2*o**3 - 3*o**2 - 13*o - 11. Calculate r(0).
-11
Let i(s) = -37*s + 591. What is i(13)?
110
Let f(d) = -5*d**2 + 228*d - 60. Determine f(45).
75
Let r(m) = 43*m - 127. What is r(-20)?
-987
Let v(h) = -h**2 + 47*h - 87. Determine v(49).
-185
Let g(x) = -162*x - 2926. Calculate g(-18).
-10
Let i(n) = -5*n + 63. Give i(-6).
93
Let m(v) = 38*v**2 + 138*v + 68. Calculate m(-3).
-4
Let t(w) = w**2 + w - 162. Calculate t(14).
48
Let j(c) = -57*c - 401. Give j(-7).
-2
Let b(j) = -23*j**2 - 20*j + 19. Give b(1).
-24
Let j(f) = -7*f**3 + 3*f**2 - 4*f + 4. Give j(2).
-48
Let c(x) = 2*x**2 + 108*x + 74. Calculate c(-53).
-32
Let t(q) = q**2 + 2147*q - 19426. Determine t(9).
-22
Let r(p) = 45*p**2 + 96*p - 121. Determine r(-3).
-4
Let n(x) = x**3 - 287*x - 24. What is n(17)?
10
Let b(k) = -k**3 + 10*k**2 + 459*k + 10. Give b(27).
10
Let l(y) = 2*y**2 - 70*y + 283. What is l(32)?
91
Let a(l) = -l**3 - 2*l**2 - 10*l - 92. Give a(6).
-440
Let r(x) = -201*x**2 - 9*x. What is r(-1)?
-192
Let f(g) = 11*g**3 + 4*g**2 + 12*g + 5. Determine f(-2).
-91
Let b(y) = y**3 - 40*y**2 + 373*y + 26. What is b(15)?
-4
Let i(v) = 5*v**2 + 239*v - 75. Calculate i(-48).
-27
Let q(y) = 3*y**3 - 243*y**2 + 232*y + 650. Give q(80).
10
Let o(q) = -q**3 - 33*q**2 - 63*q - 22. Calculate o(-31).
9
Let z(t) = -4*t**2 - 15*t + 27. Give z(8).
-349
Let u(t) = -23*t - 656. Give u(-26).
-58
Let b(o) = -2*o**3 - 49*o**2 - 28*o - 90. What is b(-24)?
6
Let x(l) = -l**3 - 11*l**2 + 72*l - 103. Determine x(-16).
25
Let g(n) = -79*n + 145. What is g(-8)?
777
Let c(m) = -m**2 + 36*m - 13. Give c(25).
262
Let q(v) = v**3 + 34*v + 65. What is q(-2)?
-11
Let b(q) = q**3 - q**2 - 4*q. What is b(5)?
80
Let b(m) = -120*m - 216. Calculate b(0).
-216
Let h(s) = 8*s - 20. Give h(7).
36
Let r(z) = z**2 - 51*z + 194. Calculate r(4).
6
Let m(v) = 8*v**2 + 371*v + 2990. What is m(-36)?
2
Let g(n) = 2675*n + 8041. What is g(-3)?
16
Let i(c) = -c**3 + 2*c**2 + 10*c - 27. What is i(5)?
-52
Let q(z) = 910*z**2 + 3627*z - 45. Give q(-4).
7
Let k(z) = -5*z**3 + 3*z**2 + 6*z - 7. Determine k(2).
-23
Let i(z) = z**3 + 54*z**2 + 159*z + 312. What is i(-51)?
6
Let t(i) = i**3 + 8*i**2 + 8*i - 8. Determine t(-6).
16
Let h(u) = 48*u**2 - 183*u - 7. What is h(4)?
29
Let l(r) = 3*r**2 - 7*r - 32. Determine l(7).
66
Let s(x) = x**3 + 9*x**2 + 10*x - 12. Calculate s(5).
388
Let r(j) = -2*j**2 + 2*j + 8. Calculate r(0).
8
Let p(g) = -2*g**2 + 149*g + 7510. Give p(109).
-11
Let v(b) = 16*b - 186. Determine v(10).
-26
Let i(m) = 20*m - 3. What is i(7)?
137
Let k(z) = -1387*z + 8321. Determine k(6).
-1
Let u(b) = 13*b**2 + 3211*b + 6. Determine u(-247).
6
Let o(c) = 3*c**2 + 150*c - 302. Give o(2).
10
Let p(z) = -9*z + 137. What is p(19)?
-34
Let q(v) = v**3 + 17*v**2 - 31*v + 14. Give q(-18).
248
Let s(a) = -3*a**3 + 22*a**2 - 5*a - 22. Give s(6).
92
Let i(c) = -c**3 - 25*c**2 + 2*c - 72. Calculate i(-25).
-122
Let h(s) = -365*s**2 - 1. Calculate h(1).
-366
Let d(u) = 39*u + 1246. Calculate d(-32).
-2
Let k(v) = -v**2 + 2*v - 21. Give k(7).
-56
Let t(g) = -3*g**3 + 158*g**2 - 110*g + 310. Determine t(52).
-2
Let r(o) = 569*o + 46. Give r(0).
46
Let q(k) = 729*k - 2912. What is q(4)?
4
Let u(x) = 299*x + 14342. Calculate u(-48).
-10
Let h(v) = -8*v**3 + 841*v**2 - 105*v - 84. Give h(105).
-84
Let a(c) = -c**3 + 7*c**2 + 30*c + 5. Give a(9).
113
Let h(n) = 3*n**2 + 3*n + 13. What is h(0)?
13
Let q(o) = 30*o + 37. Give q(0).
37
Let f(r) = 99*r + 847. What is f(-9)?
-44
Let c(w) = 4*w**2 + 4*w - 9. Calculate c(2).
15
Let g(f) = -18*f + 560. What is g(32)?
-16
Let x(p) = -p**2 - 2*p + 9. Calculate x(-3).
6
Let p(n) = -406*n + 2860. Give p(7).
18
Let i(s) = -s**3 + 46*s**2 + 53*s - 263. Give i(47).
19
Let g(n) = 1066*n + 13865. Calculate g(-13).
7
Let i(g) = g**3 + 141*g**2 - 728*g + 8. Determine i(5).
18
Let o(l) = 6*l**2 - 152*l + 50. Determine o(24).
-142
Let q(v) = -840*v - 30219. Determine q(-36).
21
Let x(d) = -13*d**2 + 103*d - 85. What is x(7)?
-1
Let w(r) = r**2 + 108*r - 6896. Calculate w(45).
-11
Let h(m) = 15*m**2 + 20*m - 11. Determine h(-7).
584
Let h(a) = -272*a - 845. Calculate h(-3).
-29
Let f(q) = q**2 - 120*q - 3287. Calculate f(-23).
2
Let z(p) = 42*p + 248. Give z(-8).
-88
Let y(z) = 47*z**3 + 1737*z**2 - 70*z + 144. Calculate y(-37).
-4
Let c(u) = -6*u**3 + 18*u**2 - 26*u - 46. Determine c(3).
-124
Let p(k) = -31*k**2 - 4*k + 3. Determine p(1).
-32
Let m(j) = -j**3 + 21*j**2 - 72*j + 67. Determine m(17).
-1
Let d(q) = -10*q - 179. Determine d(-5).
-129
Let g(h) = -153*h - 544. Determine g(-10).
986
Let k(b) = 2*b**3 - 7*b + 13. What is k(2)?
15
Let h(a) = 45*a - 402. Calculate h(9).
3
Let b(v) = -2*v**2 - 67*v - 212. What is b(-30)?
-2
Let i(v) = 3*v**2 + 26*v + 36. Determine i(-10).
76
Let u(i) = -129*i - 6432. Give u(-50).
18
Let r(u) = -3*u**3 + 11*u**2 - 9*u + 1. Give r(3).
-8
Let q(l) = 27*l - 187. Calculate q(6).
-25
Let g(o) = 3*o**2 - 148*o - 456. Calculate g(-3).
15
Let r(i) = -60*i**2 - 184*i - 5. What is r(-3)?
7
Let r(j) = -j**3 - 26*j**2 + 22*j + 63. What is r(-27)?
198
Let q(s) = -s**3 + 3*s**2 + 41*s + 2. What is q(8)?
10
Let r(f) = -f**2 - 251*f + 2309. What is r(9)?
-31
Let q(h) = -31*h - 325. Determine q(-11).
16
Let p(i) = i**2 - 165*i + 6572. Give p(98).
6
Let q(h) = -2*h - 83. Give q(-40).
-3
Let z(r) = -r**3 + 173*r**2 - 152*r - 3250. What is z(172)?
190
Let l(k) = 41*k**2 + 28*k - 100. Give l(5).
1065
Let q(p) = -36*p**2 + 14*p - 15. Give q(1).
-37
Let m(q) = -2*q**2 + 25*q - 141. What is m(6)?
-63
Let o(h) = h**3 + 8*h**2 - 25*h - 49. What is o(-10)?
1
Let z(w) = 2*w**3 - 78*w**2 + 141*w + 284. Calculate z(37).
25
Let w(b) = -3*b**2 + 54*b + 289. Give w(-5).
-56
Let c(r) = -28*r + 2964. What is c(93)?
360
Let n(a) = 46*a - 261. Determine n(6).
15
Let n(m) = 2*m**2 + 191*m + 2666. What is n(-17)?
-3
Let b(d) = -299*d - 1199. What is b(-4)?
-3
Let h(z) = -3148*z + 9436. What is h(3)?
-8
Let h(l) = 4*l - 2. What is h(-1)?
-6
Let g(w) = -3*w**3 + 101*w**2 - 67*w + 76. Determine g(33).
43
Let w(m) = -11*m**3 + 3*m**2 - 10*m - 3. Calculate w(3).
-303
Let z(f) = -3*f**3 + 10*f**2 - 13*f - 9. Calculate z(5).
-199
Let l(m) = -1096*m + 41644. Determine l(38).
-4
Let p(o) = o**3 + 10*o**2 - 4*o - 23. Give p(-10).
17
Let s(g) = -3*g - 205. What is s(-12)?
-169
Let r(a) = -1158*a - 2196. What is r(-2)?
120
Let p(z) = -z**3 - 318*z**2 - 626*z + 1900. Determine p(-316).
4
Let o(l) = 3*l**3 + 276*l**2 + 276*l + 268. What is o(-91)?
-5
Let o(u) = -u**3 + 12*u**2 - 13*u - 13. Calculate o(11).
-35
Let h(c) = 56*c - 194. Give h(3).
-26
Let b(k) = -21*k**3 + 18*k**2 - 126*k + 126. Calculate b(1).
-3
Let g(q) = -54*q - 32. Calculate g(-3).
130
Let v(o) = -31*o**2 - 2*o - 2. Calculate v(1).
-35
Let f(h) = 1568*h - 6337. Determine f(4).
-65
Let i(s) = -13*s - 53. Give i(-6).
25
Let o(f) = 9*f**2 - 164*f + 704. What is o(7)?
-3
Let u(p) = 156*p - 197. Give u(2).
115
Let f(u) = -3*u**3 + 5*u**2 - 11*u + 16. Calculate f(2).
-10
Let m(n) = -n**3 + 9*n**2 - 3*n + 111. Determine m(10).
-19
Let z(p) = 2*p + 214. Give z(-33).
148
Let t(v) = 61*v**3 - v**2 - 16*v + 32. Give t(2).
484
Let b(q) = q**2 + 159*